 the highest common divisor of z and 34.
17
Let x(i) = -i**3 - 2*i**2 + 57*i + 12075. Let s be x(0). What is the highest common factor of 69 and s?
69
Let u = 687 + -599. Let z be u - -3*(0 - -1). What is the highest common factor of 63 and z?
7
Let f = -23889 + 23982. What is the highest common divisor of 2015 and f?
31
Suppose 26*y - 16*y + 6890 = 0. Let b = y - -705. Calculate the highest common factor of 14 and b.
2
Let y = -21325 - -27405. What is the greatest common factor of 180 and y?
20
Suppose 0 = -6*g - 2*i + 790, -23 = 5*i - 3. What is the greatest common factor of 285 and g?
19
Let r(j) = 2*j**3 + j**2 - 3*j + 333. Let k be r(0). Let o = k + -225. What is the greatest common factor of 24 and o?
12
Suppose 17*y = -40*y - 31*y + 149248. What is the highest common divisor of 530 and y?
106
Suppose 0 = -2*u - r - 1 - 1, 21 = u - 5*r. Let a be (u + -1)/(1 - 4). Suppose -6*t + 244 - 40 = a. What is the greatest common divisor of 17 and t?
17
Let v = 31 - 29. Let i be v/(-14) + (-456)/42. Let m = 76 - i. What is the highest common divisor of m and 29?
29
Let w be (-1*(-8)/(-8))/(-1)*(17 - -2). Calculate the greatest common divisor of 1539 and w.
19
Suppose -4*x = -4*l + 56, 4*l + 9 - 69 = 5*x. Let f be 8/(-6)*300/(-8). Calculate the highest common factor of f and l.
10
Suppose 5364 + 9420 = 6*t. Suppose 288*b + t = 295*b. What is the highest common factor of 11 and b?
11
Let i = 63 - 20. Suppose b - 1290 = -3*o, -4*b - 624 - 236 = -2*o. What is the highest common divisor of o and i?
43
Let w(u) = 27*u - 45*u**2 + 43*u**2 + 42 + 19*u. Let h be w(23). Calculate the greatest common factor of h and 252.
42
Suppose 0 = 7*d - 6*d - 3, 0 = -4*k - 4*d + 1164. What is the greatest common factor of 9 and k?
9
Let x(d) = 16*d**3 - d**2 - 538*d + 536. Let m be x(1). Let a = -635 - -926. Let n = -200 + a. Calculate the greatest common factor of n and m.
13
Let c(r) = 1248*r + 12536. Let u be c(-10). Suppose -476 = j - 2*j. Calculate the highest common factor of u and j.
28
Suppose -24*o - 41*o + 27300 = 0. Let g = 90 - 55. Calculate the highest common divisor of o and g.
35
Suppose 14*a - 94292 + 15416 = 0. Calculate the greatest common divisor of 18 and a.
18
Let b = 6359 + -4757. What is the greatest common factor of b and 36?
18
Let m be (-10)/((-6)/(-12)*-4). Let g(v) = 13*v - 47. Let o be g(m). What is the highest common divisor of o and 27?
9
Let u = -7 - -12. Let i be 1*133 - (21/(-3))/(-7). Suppose 0 = -u*o + 78 + i. What is the highest common factor of 14 and o?
14
Let s(m) = m**3 + 29*m**2 + 92*m + 56. Let l be s(-25). What is the greatest common divisor of 56 and l?
8
Suppose 63*j - 709 = -634 + 1941. What is the greatest common factor of 2336 and j?
32
Suppose 0 = 5*j - 11 + 41. Let p be (-170)/(-6) - (-2)/j. Suppose 98 + 329 = 2*w + 7*r, -5*r = -5*w + 955. Calculate the highest common divisor of p and w.
28
Suppose -7*q = -8*q + 42. Let t = -7 - q. Let u = -31 - t. What is the greatest common factor of u and 126?
18
Let f be (-1)/(-4) + 26 + 15428/112. What is the greatest common divisor of f and 2870?
82
Suppose 2*b + 4*w - 3584 = 0, -b - 80*w = -77*w - 1791. What is the highest common divisor of b and 207?
69
Suppose -4*h - 1226 = 78. Let a = 338 + h. What is the greatest common factor of 312 and a?
12
Let v = -96 + 6761. Calculate the greatest common divisor of 645 and v.
215
Suppose 0 = -6*l + 9*l - 2*f - 763, -2*f = l - 249. Let y = l + -175. Calculate the greatest common divisor of 195 and y.
39
Let l = 292 + 125. Suppose 5*p = 4*d - l, 2*d + 2*p - 5*p = 211. What is the highest common divisor of 147 and d?
49
Suppose -9*v - 54 = -3*v. Let h be (v - -25)/(1/66). Suppose 9*z - h = 3*z. What is the highest common divisor of 16 and z?
16
Let c be (1/2)/((-43)/344). Let g be (18/c)/(6/36*-1). Calculate the greatest common factor of 63 and g.
9
Let v(z) = 4*z**3 - 14*z**2 + 23*z - 10. Let x be v(1). What is the highest common divisor of 597 and x?
3
Let q(a) = -37*a - 3328. Let f be q(-90). Let g(v) = 8*v + 20. Let t be g(16). Calculate the greatest common divisor of f and t.
2
Suppose 0 = 4*n - 68 - 92. Suppose 28*q = 23*q + 125. Let a = n - q. What is the highest common factor of 15 and a?
15
Let l be (630/8)/(-7)*(-672)/126. Let s be (1*5)/(1/120). What is the highest common factor of l and s?
60
Let s(h) = -5*h - 36. Suppose -5*i + r + 3*r - 70 = 0, 0 = -i + r - 15. Let y be s(i). Suppose y = w - 31. What is the highest common factor of w and 15?
15
Suppose 0 = -4*u + 35 + 101. Suppose 4*v + 16 = 8*v. Suppose 4*o = p - 31, 3*p - v*p + 2*o = -41. Calculate the highest common factor of p and u.
17
Let c be 256/32 - (-48987)/6*2. What is the greatest common factor of c and 17?
17
Let d be (-15 - -14)*2*-9. Let z be 13/((-6)/2 - 36/(-9)). Let s = z + -11. What is the greatest common factor of d and s?
2
Let h(n) = n**2 - 107*n - 948. Let b be h(116). Let z be (-2 + -1)*20/(-1). What is the greatest common divisor of b and z?
12
Suppose -615*s - 109*s + 6552 = -178*s. Let q be (0/(-1))/(-2) - -384. Calculate the highest common divisor of s and q.
12
Let i(w) be the second derivative of w**4/12 + w**3/6 - w**2/2 + w + 7. Let r be i(-4). What is the greatest common divisor of r and 3?
1
Let a(i) = 38*i**2 + 49*i + 70. Let g be a(-6). Calculate the highest common factor of g and 78.
26
Suppose -2 + 8 = 2*x. Let o be -3*-5*1/3. Suppose -3*r + 18 + 22 = 5*n, -o*r + 88 = x*n. Calculate the highest common factor of r and 50.
10
Let x(w) = -9 - 24 + 3 + 16*w. Let r be x(8). Calculate the highest common divisor of 56 and r.
14
Let q be (-3)/15 + 541/5. Let f be (-96)/(-20)*460/184. What is the greatest common divisor of q and f?
12
Suppose 0 = 13*d + 65 - 247. Let r be d/((-16)/84*(-21)/6). Let j be (44 + 1)*(-7)/(-3). What is the greatest common divisor of j and r?
21
Let w = 46 - 43. Suppose -1 = 2*x + j, -x - 11 = x + w*j. Suppose -5*p + 4*f = -82, p = x*f - 4*f + 22. What is the greatest common divisor of 144 and p?
18
Let x = -12735 + 13373. Suppose -3*u + 290 = 2*u. What is the highest common factor of u and x?
58
Let s be 4 + 0/(9/3). Suppose -s*x - 2*b = 4, 35*x - 7 = 32*x + b. What is the highest common divisor of x and 30?
1
Let c(x) = 165*x**2 + 3*x + 54. Let g be c(-4). What is the highest common factor of g and 108?
18
Let t = 123 - 119. Let k(p) = 11*p**2 + 10*p - 6. Let l be k(t). Suppose 0*g - l = -10*g. Calculate the greatest common factor of 105 and g.
21
Let u(i) = 913*i - 6377. Let z be u(7). What is the greatest common divisor of z and 344?
2
Let i be (-7 - (-3 - 15)) + 6/(-1). Suppose 3*o = -2*l - 15 + 81, -4*l = -i*o + 110. Calculate the greatest common factor of o and 341.
11
Suppose c = -u + 9487, -c + 34*u = 30*u - 9512. Calculate the highest common divisor of 84 and c.
84
Let i = 9 + 4. Suppose -2*d = 3*w - 78, 6*d - 4*d - 4*w - 78 = 0. Calculate the greatest common divisor of d and i.
13
Suppose -167*j - 2370 + 10179 + 4215 = 0. Calculate the highest common factor of 416 and j.
8
Let f = 431 + -327. Suppose -44*o = -40*o - f. Calculate the greatest common factor of o and 10.
2
Let g = 31 - 19. Let y be 3/g - (-518)/8. Suppose -259 + 194 = -5*x. Calculate the greatest common divisor of y and x.
13
Let v(d) = 16*d**3 + d**2 - 14*d + 26. Let a be v(5). Calculate the greatest common divisor of 7 and a.
7
Suppose 24 = 10*r - 4*r. Suppose c - 2*q - 62 = 0, r*c + 3*q - 136 = 134. What is the greatest common divisor of 6 and c?
6
Suppose 0 = 4*q - 4*h - 144, -108 = 11*q - 14*q + 5*h. What is the highest common divisor of 8 and q?
4
Let m be (-20)/60*(60 + 3)/3. Let c = 86 - m. What is the highest common factor of c and 93?
93
Let i be 52/(-91) + 112168/98. Calculate the greatest common factor of 24 and i.
8
Suppose -76*r = -75*r - 1. Let j be r + 12/(-6) - -153. Calculate the highest common divisor of j and 19.
19
Suppose 0 = 2*p - p - 3. Suppose -5*d = 2*r - p, 0 + 5 = -5*r. Let l be (11 - (-376)/(-16))*(1 - -2)*4/(-30). Calculate the greatest common divisor of d and l.
1
Let n = -431 - -431. Suppose -f + 183 = -3*i, n = -5*f + 7*i - 5*i + 967. What is the highest common divisor of 90 and f?
15
Suppose -80*s + 14*s = 133*s - 2388. Let d = -22 - -28. Calculate the greatest common divisor of s and d.
6
Let d(i) = 47*i**2 -